{"id":17,"date":"2014-01-30T16:58:16","date_gmt":"2014-01-30T19:58:16","guid":{"rendered":"http:\/\/ediciones.reylennon.com.ar\/?post_type=product&#038;p=17"},"modified":"2018-05-22T17:25:09","modified_gmt":"2018-05-22T20:25:09","slug":"el-sindrome-de-funes-la-comunicacion-corporativa-en-el-siglo-xxi","status":"publish","type":"product","link":"https:\/\/ediciones.reylennon.com.ar\/?product=el-sindrome-de-funes-la-comunicacion-corporativa-en-el-siglo-xxi","title":{"rendered":"El s\u00edndrome de Funes. La comunicaci\u00f3n corporativa en el siglo XXI"},"content":{"rendered":"","protected":false},"excerpt":{"rendered":"<p>Una recopilaci\u00f3n de los m\u00e1s destacados art\u00edculos publicados en los \u00faltimos a\u00f1os por Rey Lennon.<\/p>\n","protected":false},"featured_media":48,"comment_status":"closed","ping_status":"closed","template":"","meta":[],"product_brand":[],"product_cat":[14],"product_tag":[],"class_list":{"0":"post-17","1":"product","2":"type-product","3":"status-publish","4":"has-post-thumbnail","6":"product_cat-comunicacion","8":"first","9":"instock","10":"downloadable","11":"virtual","12":"purchasable","13":"product-type-simple"},"yoast_head":"<!-- This site is optimized with the Yoast SEO plugin v27.4 - https:\/\/yoast.com\/product\/yoast-seo-wordpress\/ -->\n<title>El s\u00edndrome de Funes. La comunicaci\u00f3n corporativa en el siglo XXI - Ediciones Rey Lennon<\/title>\n<meta name=\"robots\" content=\"index, follow, max-snippet:-1, max-image-preview:large, max-video-preview:-1\" \/>\n<link rel=\"canonical\" href=\"https:\/\/ediciones.reylennon.com.ar\/?product=el-sindrome-de-funes-la-comunicacion-corporativa-en-el-siglo-xxi\" \/>\n<meta property=\"og:locale\" content=\"es_ES\" \/>\n<meta property=\"og:type\" content=\"article\" \/>\n<meta property=\"og:title\" content=\"El s\u00edndrome de Funes. La comunicaci\u00f3n corporativa en el siglo XXI - Ediciones Rey Lennon\" \/>\n<meta property=\"og:description\" content=\"Una recopilaci\u00f3n de los m\u00e1s destacados art\u00edculos publicados en los \u00faltimos a\u00f1os por Rey Lennon.\" \/>\n<meta property=\"og:url\" content=\"https:\/\/ediciones.reylennon.com.ar\/?product=el-sindrome-de-funes-la-comunicacion-corporativa-en-el-siglo-xxi\" \/>\n<meta property=\"og:site_name\" content=\"Ediciones Rey Lennon\" \/>\n<meta property=\"article:modified_time\" content=\"2018-05-22T20:25:09+00:00\" \/>\n<meta property=\"og:image\" content=\"https:\/\/ediciones.reylennon.com.ar\/wp-content\/uploads\/2014\/01\/tapa_ebook_elsindromedefunes_reylennon.png\" \/>\n\t<meta property=\"og:image:width\" content=\"560\" \/>\n\t<meta property=\"og:image:height\" content=\"840\" \/>\n\t<meta property=\"og:image:type\" content=\"image\/png\" \/>\n<meta name=\"twitter:card\" content=\"summary_large_image\" \/>\n<script type=\"application\/ld+json\" class=\"yoast-schema-graph\">{\"@context\":\"https:\\\/\\\/schema.org\",\"@graph\":[{\"@type\":\"WebPage\",\"@id\":\"https:\\\/\\\/ediciones.reylennon.com.ar\\\/?product=el-sindrome-de-funes-la-comunicacion-corporativa-en-el-siglo-xxi\",\"url\":\"https:\\\/\\\/ediciones.reylennon.com.ar\\\/?product=el-sindrome-de-funes-la-comunicacion-corporativa-en-el-siglo-xxi\",\"name\":\"El s\u00edndrome de Funes. La comunicaci\u00f3n corporativa en el siglo XXI - Ediciones Rey Lennon\",\"isPartOf\":{\"@id\":\"https:\\\/\\\/ediciones.reylennon.com.ar\\\/#website\"},\"primaryImageOfPage\":{\"@id\":\"https:\\\/\\\/ediciones.reylennon.com.ar\\\/?product=el-sindrome-de-funes-la-comunicacion-corporativa-en-el-siglo-xxi#primaryimage\"},\"image\":{\"@id\":\"https:\\\/\\\/ediciones.reylennon.com.ar\\\/?product=el-sindrome-de-funes-la-comunicacion-corporativa-en-el-siglo-xxi#primaryimage\"},\"thumbnailUrl\":\"https:\\\/\\\/ediciones.reylennon.com.ar\\\/wp-content\\\/uploads\\\/2014\\\/01\\\/tapa_ebook_elsindromedefunes_reylennon.png\",\"datePublished\":\"2014-01-30T19:58:16+00:00\",\"dateModified\":\"2018-05-22T20:25:09+00:00\",\"breadcrumb\":{\"@id\":\"https:\\\/\\\/ediciones.reylennon.com.ar\\\/?product=el-sindrome-de-funes-la-comunicacion-corporativa-en-el-siglo-xxi#breadcrumb\"},\"inLanguage\":\"es\",\"potentialAction\":[{\"@type\":\"ReadAction\",\"target\":[\"https:\\\/\\\/ediciones.reylennon.com.ar\\\/?product=el-sindrome-de-funes-la-comunicacion-corporativa-en-el-siglo-xxi\"]}]},{\"@type\":\"ImageObject\",\"inLanguage\":\"es\",\"@id\":\"https:\\\/\\\/ediciones.reylennon.com.ar\\\/?product=el-sindrome-de-funes-la-comunicacion-corporativa-en-el-siglo-xxi#primaryimage\",\"url\":\"https:\\\/\\\/ediciones.reylennon.com.ar\\\/wp-content\\\/uploads\\\/2014\\\/01\\\/tapa_ebook_elsindromedefunes_reylennon.png\",\"contentUrl\":\"https:\\\/\\\/ediciones.reylennon.com.ar\\\/wp-content\\\/uploads\\\/2014\\\/01\\\/tapa_ebook_elsindromedefunes_reylennon.png\",\"width\":560,\"height\":840,\"caption\":\"tapa_ebook_elsindromedefunes_reylennon\"},{\"@type\":\"BreadcrumbList\",\"@id\":\"https:\\\/\\\/ediciones.reylennon.com.ar\\\/?product=el-sindrome-de-funes-la-comunicacion-corporativa-en-el-siglo-xxi#breadcrumb\",\"itemListElement\":[{\"@type\":\"ListItem\",\"position\":1,\"name\":\"Portada\",\"item\":\"https:\\\/\\\/ediciones.reylennon.com.ar\\\/\"},{\"@type\":\"ListItem\",\"position\":2,\"name\":\"Tienda\",\"item\":\"https:\\\/\\\/ediciones.reylennon.com.ar\\\/?page_id=5\"},{\"@type\":\"ListItem\",\"position\":3,\"name\":\"El s\u00edndrome de Funes. La comunicaci\u00f3n corporativa en el siglo XXI\"}]},{\"@type\":\"WebSite\",\"@id\":\"https:\\\/\\\/ediciones.reylennon.com.ar\\\/#website\",\"url\":\"https:\\\/\\\/ediciones.reylennon.com.ar\\\/\",\"name\":\"Ediciones Rey Lennon\",\"description\":\"\",\"potentialAction\":[{\"@type\":\"SearchAction\",\"target\":{\"@type\":\"EntryPoint\",\"urlTemplate\":\"https:\\\/\\\/ediciones.reylennon.com.ar\\\/?s={search_term_string}\"},\"query-input\":{\"@type\":\"PropertyValueSpecification\",\"valueRequired\":true,\"valueName\":\"search_term_string\"}}],\"inLanguage\":\"es\"}]}<\/script>\n<!-- \/ Yoast SEO plugin. -->","yoast_head_json":{"title":"El s\u00edndrome de Funes. La comunicaci\u00f3n corporativa en el siglo XXI - Ediciones Rey Lennon","robots":{"index":"index","follow":"follow","max-snippet":"max-snippet:-1","max-image-preview":"max-image-preview:large","max-video-preview":"max-video-preview:-1"},"canonical":"https:\/\/ediciones.reylennon.com.ar\/?product=el-sindrome-de-funes-la-comunicacion-corporativa-en-el-siglo-xxi","og_locale":"es_ES","og_type":"article","og_title":"El s\u00edndrome de Funes. La comunicaci\u00f3n corporativa en el siglo XXI - Ediciones Rey Lennon","og_description":"Una recopilaci\u00f3n de los m\u00e1s destacados art\u00edculos publicados en los \u00faltimos a\u00f1os por Rey Lennon.","og_url":"https:\/\/ediciones.reylennon.com.ar\/?product=el-sindrome-de-funes-la-comunicacion-corporativa-en-el-siglo-xxi","og_site_name":"Ediciones Rey Lennon","article_modified_time":"2018-05-22T20:25:09+00:00","og_image":[{"width":560,"height":840,"url":"https:\/\/ediciones.reylennon.com.ar\/wp-content\/uploads\/2014\/01\/tapa_ebook_elsindromedefunes_reylennon.png","type":"image\/png"}],"twitter_card":"summary_large_image","schema":{"@context":"https:\/\/schema.org","@graph":[{"@type":"WebPage","@id":"https:\/\/ediciones.reylennon.com.ar\/?product=el-sindrome-de-funes-la-comunicacion-corporativa-en-el-siglo-xxi","url":"https:\/\/ediciones.reylennon.com.ar\/?product=el-sindrome-de-funes-la-comunicacion-corporativa-en-el-siglo-xxi","name":"El s\u00edndrome de Funes. La comunicaci\u00f3n corporativa en el siglo XXI - Ediciones Rey Lennon","isPartOf":{"@id":"https:\/\/ediciones.reylennon.com.ar\/#website"},"primaryImageOfPage":{"@id":"https:\/\/ediciones.reylennon.com.ar\/?product=el-sindrome-de-funes-la-comunicacion-corporativa-en-el-siglo-xxi#primaryimage"},"image":{"@id":"https:\/\/ediciones.reylennon.com.ar\/?product=el-sindrome-de-funes-la-comunicacion-corporativa-en-el-siglo-xxi#primaryimage"},"thumbnailUrl":"https:\/\/ediciones.reylennon.com.ar\/wp-content\/uploads\/2014\/01\/tapa_ebook_elsindromedefunes_reylennon.png","datePublished":"2014-01-30T19:58:16+00:00","dateModified":"2018-05-22T20:25:09+00:00","breadcrumb":{"@id":"https:\/\/ediciones.reylennon.com.ar\/?product=el-sindrome-de-funes-la-comunicacion-corporativa-en-el-siglo-xxi#breadcrumb"},"inLanguage":"es","potentialAction":[{"@type":"ReadAction","target":["https:\/\/ediciones.reylennon.com.ar\/?product=el-sindrome-de-funes-la-comunicacion-corporativa-en-el-siglo-xxi"]}]},{"@type":"ImageObject","inLanguage":"es","@id":"https:\/\/ediciones.reylennon.com.ar\/?product=el-sindrome-de-funes-la-comunicacion-corporativa-en-el-siglo-xxi#primaryimage","url":"https:\/\/ediciones.reylennon.com.ar\/wp-content\/uploads\/2014\/01\/tapa_ebook_elsindromedefunes_reylennon.png","contentUrl":"https:\/\/ediciones.reylennon.com.ar\/wp-content\/uploads\/2014\/01\/tapa_ebook_elsindromedefunes_reylennon.png","width":560,"height":840,"caption":"tapa_ebook_elsindromedefunes_reylennon"},{"@type":"BreadcrumbList","@id":"https:\/\/ediciones.reylennon.com.ar\/?product=el-sindrome-de-funes-la-comunicacion-corporativa-en-el-siglo-xxi#breadcrumb","itemListElement":[{"@type":"ListItem","position":1,"name":"Portada","item":"https:\/\/ediciones.reylennon.com.ar\/"},{"@type":"ListItem","position":2,"name":"Tienda","item":"https:\/\/ediciones.reylennon.com.ar\/?page_id=5"},{"@type":"ListItem","position":3,"name":"El s\u00edndrome de Funes. La comunicaci\u00f3n corporativa en el siglo XXI"}]},{"@type":"WebSite","@id":"https:\/\/ediciones.reylennon.com.ar\/#website","url":"https:\/\/ediciones.reylennon.com.ar\/","name":"Ediciones Rey Lennon","description":"","potentialAction":[{"@type":"SearchAction","target":{"@type":"EntryPoint","urlTemplate":"https:\/\/ediciones.reylennon.com.ar\/?s={search_term_string}"},"query-input":{"@type":"PropertyValueSpecification","valueRequired":true,"valueName":"search_term_string"}}],"inLanguage":"es"}]}},"_links":{"self":[{"href":"https:\/\/ediciones.reylennon.com.ar\/index.php?rest_route=\/wp\/v2\/product\/17","targetHints":{"allow":["GET"]}}],"collection":[{"href":"https:\/\/ediciones.reylennon.com.ar\/index.php?rest_route=\/wp\/v2\/product"}],"about":[{"href":"https:\/\/ediciones.reylennon.com.ar\/index.php?rest_route=\/wp\/v2\/types\/product"}],"replies":[{"embeddable":true,"href":"https:\/\/ediciones.reylennon.com.ar\/index.php?rest_route=%2Fwp%2Fv2%2Fcomments&post=17"}],"wp:featuredmedia":[{"embeddable":true,"href":"https:\/\/ediciones.reylennon.com.ar\/index.php?rest_route=\/wp\/v2\/media\/48"}],"wp:attachment":[{"href":"https:\/\/ediciones.reylennon.com.ar\/index.php?rest_route=%2Fwp%2Fv2%2Fmedia&parent=17"}],"wp:term":[{"taxonomy":"product_brand","embeddable":true,"href":"https:\/\/ediciones.reylennon.com.ar\/index.php?rest_route=%2Fwp%2Fv2%2Fproduct_brand&post=17"},{"taxonomy":"product_cat","embeddable":true,"href":"https:\/\/ediciones.reylennon.com.ar\/index.php?rest_route=%2Fwp%2Fv2%2Fproduct_cat&post=17"},{"taxonomy":"product_tag","embeddable":true,"href":"https:\/\/ediciones.reylennon.com.ar\/index.php?rest_route=%2Fwp%2Fv2%2Fproduct_tag&post=17"}],"curies":[{"name":"wp","href":"https:\/\/api.w.org\/{rel}","templated":true}]}}

El síndrome de Funes. La comunicación corporativa en el siglo XXI

<p>Una recopilación de los más destacados artículos publicados en los últimos años por Rey Lennon.</p>

<!-- This site is optimized with the Yoast SEO plugin v27.4 - https://yoast.com/product/yoast-seo-wordpress/ -->
<title>El síndrome de Funes. La comunicación corporativa en el siglo XXI - Ediciones Rey Lennon</title>
<meta name="robots" content="index, follow, max-snippet:-1, max-image-preview:large, max-video-preview:-1" />
<link rel="canonical" href="https://ediciones.reylennon.com.ar/?product=el-sindrome-de-funes-la-comunicacion-corporativa-en-el-siglo-xxi" />
<meta property="og:locale" content="es_ES" />
<meta property="og:type" content="article" />
<meta property="og:title" content="El síndrome de Funes. La comunicación corporativa en el siglo XXI - Ediciones Rey Lennon" />
<meta property="og:description" content="Una recopilación de los más destacados artículos publicados en los últimos años por Rey Lennon." />
<meta property="og:url" content="https://ediciones.reylennon.com.ar/?product=el-sindrome-de-funes-la-comunicacion-corporativa-en-el-siglo-xxi" />
<meta property="og:site_name" content="Ediciones Rey Lennon" />
<meta property="article:modified_time" content="2018-05-22T20:25:09+00:00" />
<meta property="og:image" content="https://ediciones.reylennon.com.ar/wp-content/uploads/2014/01/tapa_ebook_elsindromedefunes_reylennon.png" />
	<meta property="og:image:width" content="560" />
	<meta property="og:image:height" content="840" />
	<meta property="og:image:type" content="image/png" />
<meta name="twitter:card" content="summary_large_image" />
<script type="application/ld+json" class="yoast-schema-graph">{"@context":"https:\/\/schema.org","@graph":[{"@type":"WebPage","@id":"https:\/\/ediciones.reylennon.com.ar\/?product=el-sindrome-de-funes-la-comunicacion-corporativa-en-el-siglo-xxi","url":"https:\/\/ediciones.reylennon.com.ar\/?product=el-sindrome-de-funes-la-comunicacion-corporativa-en-el-siglo-xxi","name":"El síndrome de Funes. La comunicación corporativa en el siglo XXI - Ediciones Rey Lennon","isPartOf":{"@id":"https:\/\/ediciones.reylennon.com.ar\/#website"},"primaryImageOfPage":{"@id":"https:\/\/ediciones.reylennon.com.ar\/?product=el-sindrome-de-funes-la-comunicacion-corporativa-en-el-siglo-xxi#primaryimage"},"image":{"@id":"https:\/\/ediciones.reylennon.com.ar\/?product=el-sindrome-de-funes-la-comunicacion-corporativa-en-el-siglo-xxi#primaryimage"},"thumbnailUrl":"https:\/\/ediciones.reylennon.com.ar\/wp-content\/uploads\/2014\/01\/tapa_ebook_elsindromedefunes_reylennon.png","datePublished":"2014-01-30T19:58:16+00:00","dateModified":"2018-05-22T20:25:09+00:00","breadcrumb":{"@id":"https:\/\/ediciones.reylennon.com.ar\/?product=el-sindrome-de-funes-la-comunicacion-corporativa-en-el-siglo-xxi#breadcrumb"},"inLanguage":"es","potentialAction":[{"@type":"ReadAction","target":["https:\/\/ediciones.reylennon.com.ar\/?product=el-sindrome-de-funes-la-comunicacion-corporativa-en-el-siglo-xxi"]}]},{"@type":"ImageObject","inLanguage":"es","@id":"https:\/\/ediciones.reylennon.com.ar\/?product=el-sindrome-de-funes-la-comunicacion-corporativa-en-el-siglo-xxi#primaryimage","url":"https:\/\/ediciones.reylennon.com.ar\/wp-content\/uploads\/2014\/01\/tapa_ebook_elsindromedefunes_reylennon.png","contentUrl":"https:\/\/ediciones.reylennon.com.ar\/wp-content\/uploads\/2014\/01\/tapa_ebook_elsindromedefunes_reylennon.png","width":560,"height":840,"caption":"tapa_ebook_elsindromedefunes_reylennon"},{"@type":"BreadcrumbList","@id":"https:\/\/ediciones.reylennon.com.ar\/?product=el-sindrome-de-funes-la-comunicacion-corporativa-en-el-siglo-xxi#breadcrumb","itemListElement":[{"@type":"ListItem","position":1,"name":"Portada","item":"https:\/\/ediciones.reylennon.com.ar\/"},{"@type":"ListItem","position":2,"name":"Tienda","item":"https:\/\/ediciones.reylennon.com.ar\/?page_id=5"},{"@type":"ListItem","position":3,"name":"El síndrome de Funes. La comunicación corporativa en el siglo XXI"}]},{"@type":"WebSite","@id":"https:\/\/ediciones.reylennon.com.ar\/#website","url":"https:\/\/ediciones.reylennon.com.ar\/","name":"Ediciones Rey Lennon","description":"","potentialAction":[{"@type":"SearchAction","target":{"@type":"EntryPoint","urlTemplate":"https:\/\/ediciones.reylennon.com.ar\/?s={search_term_string}"},"query-input":{"@type":"PropertyValueSpecification","valueRequired":true,"valueName":"search_term_string"}}],"inLanguage":"es"}]}</script>
<!-- / Yoast SEO plugin. -->

El síndrome de Funes. La comunicación corporativa en el siglo XXI - Ediciones Rey Lennon

Una recopilación de los más destacados artículos publicados en los últimos años por Rey Lennon.
